 1/3*j**4 + 0 + 1/3*j**3 - 1/20*j**5. List the prime factors of t(-6).
3, 19
Suppose 8*u - 6593 = 2895. What are the prime factors of u?
2, 593
Let z be 0 - 3 - ((-11 - 1) + 1). Suppose 594 = -2*f + z*f. What are the prime factors of f?
3, 11
Suppose 5*c = -a + 5502, -2*c - 2*a - 729 + 2933 = 0. List the prime factors of c.
2, 5, 11
What are the prime factors of (-16)/(-24)*-6 + (-309)/(-1)?
5, 61
Let l = 124 - -302. What are the prime factors of l?
2, 3, 71
Suppose 0 = -w + 2*c + 74, -3*w - c = 2*c - 222. Let j = w + -12. What are the prime factors of j?
2, 31
Let a(m) be the first derivative of m**3/3 + 4*m**2 - 5*m + 6. Let f be a(-9). Suppose -4*r = b - 54, -3*r = -f*b + 2*r + 111. List the prime factors of b.
2, 17
Suppose 11*f - 15*f = 0. Suppose -w - 10*w + 957 = f. List the prime factors of w.
3, 29
Suppose 0 = -5*r - 2*k + 1648, 5*r - 1995 + 344 = k. What are the prime factors of r?
2, 3, 5, 11
Let t = 828 - -205. What are the prime factors of t?
1033
Suppose 69836 = 34*o + 3740. List the prime factors of o.
2, 3
Let x be 117*(-3)/(36/(-8)). Suppose -h = 5*y - 0*h - 98, 4*y + h - x = 0. Suppose -180 = -4*r - y. What are the prime factors of r?
2, 5
Let z(q) = -q - 23. Let t(n) = -11. Let s(m) = -5*t(m) + 3*z(m). Let j be s(-6). Suppose -j*c + 68 = -0. What are the prime factors of c?
17
Let z(u) = 8 - 18 + 18*u - 12. What are the prime factors of z(10)?
2, 79
Let d be 14*8/(-5)*-5. Let g = d + -77. Suppose 3*z - g - 16 = 0. List the prime factors of z.
17
Suppose 394*d = 396*d + 236. Suppose -4*w + 3*c - 17 = 0, 4*w + 4*c + 23 = -1. List the prime factors of w/(-30) - d/12.
2, 5
What are the prime factors of (-18 + 6 + 8)/((-4)/653)?
653
Suppose -2*c + 5*y = y + 220, 5*y + 220 = -2*c. Let k = 184 + c. What are the prime factors of k?
2, 37
Suppose -18*k = -11301 - 75747. What are the prime factors of k?
2, 3, 13, 31
Suppose 0 = -69*r + 68*r + 20. Suppose r = -y + 67. List the prime factors of y.
47
Suppose 7*k = k + 588. Suppose 102*r = k*r + 148. What are the prime factors of r?
37
Suppose 0 = 3*j - 4*j + 2. Suppose s = j*s. Suppose s = -4*d + 144 - 12. List the prime factors of d.
3, 11
Let m(i) = 25*i**2 - 56*i + 7. What are the prime factors of m(-13)?
2, 5, 31
Let d = -8819 - -12886. List the prime factors of d.
7, 83
Suppose -l + 1704 = 5*w, -392 - 293 = -2*w + 3*l. Suppose 0 = 19*t - 5034 + w. What are the prime factors of t?
13, 19
Let g(a) = 4*a - 21. Let t be g(7). Let w be (-1)/(-2)*(5 + -1). Suppose -t - 11 = -w*m. List the prime factors of m.
3
Suppose 4*f + 6*o = o + 114, -70 = -3*f + 4*o. Suppose -f = -2*d + 24. What are the prime factors of d?
5
Let v = -43 - -145. Let b = v + -150. What are the prime factors of (9/(-4))/(9/b)?
2, 3
Let z be -1 - (2 - (6 + 0)). Let d(j) = 5*j**2 + 38*j. Let r be d(-8). Suppose -r = -z*h - h. What are the prime factors of h?
2
Let u = 28 + -14. Let m = u + -12. What are the prime factors of 1 + m + 15 - -3?
3, 7
Let t(n) = -n - 4. Let f be t(-6). What are the prime factors of f - (-5)/((-15)/(-66))?
2, 3
Let c(r) = -r**2 - 37*r + 49. List the prime factors of c(-31).
5, 47
Suppose -55*q - 2058 = -69*q. What are the prime factors of q?
3, 7
Let h = -211 - -270. What are the prime factors of h?
59
Let f(k) = -3*k**3 - 6*k**2 + 12*k + 7. Let d(m) = -m**3 - m**2 + m - 1. Let c be 7/(-5) - 18/30. Let q(h) = c*d(h) + f(h). What are the prime factors of q(-6)?
3, 7
Suppose -8*s = -5*s - 6. Suppose -3*j - 4*q + 272 = -2*j, s*j - q = 508. What are the prime factors of j?
2
Suppose -4*s = 3*y - 5918, 0 = -4*s + 4*y + 966 + 4966. List the prime factors of s.
1481
Let n = -788 - -563. Let c = n - -446. List the prime factors of c.
13, 17
Let f be (1 + 0)/(0 + 6/30). Suppose 2*x - r = -2*r + 210, -f*r + 515 = 5*x. What are the prime factors of x?
107
List the prime factors of (-357)/833 + (-18850)/(-14).
2, 673
Let v(w) = -w**3 + 10*w**2 - 12*w + 13. Let n be v(9). Let f(t) = t**2 + 13*t - 7. What are the prime factors of f(n)?
7
Suppose 5*x = x + 2700. What are the prime factors of x?
3, 5
Let g(b) = -6*b - 8. Suppose -h + 12 = 4*m, 5*m - 7 = -3*h + 1. List the prime factors of g(h).
2
What are the prime factors of 509/(((-3)/(-4))/(6/8))?
509
Suppose -5*l + 36 - 11 = 0, -4*l + 948 = 2*x. List the prime factors of x.
2, 29
Suppose 4*y - 3*d - 20520 = 0, -3*y + 6*y - 15391 = 2*d. List the prime factors of y.
3, 29, 59
Suppose 0 = -5*m - 15, 5*o + 5*m - 203 = 982. Suppose -308 = -4*f + o. List the prime factors of f.
137
Suppose 0 = -4*s + 38 + 34. What are the prime factors of (-4)/s + -4 + 5952/54?
2, 53
Let b(w) = -23*w**3 - w**2 - w + 2. Let v be b(2). Let z = v + 276. List the prime factors of z.
2, 11
Let n be -7 - (5/(-5) + 5). Let h = n - -181. What are the prime factors of h?
2, 5, 17
Suppose -m - 5*r = 293, -2*m + 20*r - 595 = 21*r. Let d = 490 + m. What are the prime factors of d?
2, 3
Let q(f) = f + 13. Let j be q(-10). Let o(y) = -12 + 7*y + 4*y**j - 9 - 3*y**3 - 5*y**2 + 17. What are the prime factors of o(4)?
2
What are the prime factors of 40/(-8) + (-1050)/(-7)?
5, 29
Let h(n) = n**3 - 6*n**2 + 5*n + 2. Suppose 3*f + 0*f - 23 = -z, -2*f + 2*z + 2 = 0. Let y be h(f). Suppose -2*v + y = -2. List the prime factors of v.
17
Let c(x) = -83*x**2 + 5*x + 2. Let d be c(-1). Let v = d + 133. List the prime factors of v.
47
Let f be 18/(-4)*(-20)/15. Suppose -a - f = -2*a. List the prime factors of ((-9)/a*14)/(-1).
3, 7
Let o(f) = f**3 + 11*f**2 - 7*f - 13. Let z be o(-11). Suppose -2*g + 0*g - 3*d + z = 0, -g + 38 = 3*d. Suppose -3*i + 100 = -g. List the prime factors of i.
2, 3, 7
Suppose 14*f - 59*f = -145215. List the prime factors of f.
7, 461
Let q = -61 + 88. Let t = q + -24. List the prime factors of t.
3
Suppose 25 = -2*z - 1. Let o = z + 17. Suppose -o*g = g - 150. What are the prime factors of g?
2, 3, 5
Let y(o) = -4*o + 3. Let z be y(-3). Suppose -12*l + z = -9*l. Suppose 0 = -r + l*r - 244. What are the prime factors of r?
61
Let g(n) = -2*n + 29. Let x be g(13). Suppose 3*t = -o + 18, x*t + t - 13 = -5*o. What are the prime factors of t?
7
Let o = 1772 - 964. List the prime factors of o.
2, 101
Let r(k) = -k**2 - 9*k - 15. Let x be r(-6). Let m(t) = -10*t + 7. Let q be m(x). Let b = -12 - q. List the prime factors of b.
11
Let b(h) = 10 + 4*h**2 - h - 7*h - h**2. What are the prime factors of b(6)?
2, 5, 7
Let v(a) = 57*a - 35. Let q(t) = -14*t + 9. Let u(s) = -9*q(s) - 2*v(s). List the prime factors of u(9).
97
Let n(r) = 228*r + 65. What are the prime factors of n(2)?
521
Let z(a) = a**3 + 28*a - 13*a + 3 - 34*a**2 - 14 + 46*a**2. What are the prime factors of z(-8)?
5
Suppose -4*v = c - 390, -2*v = 3*c - 433 - 767. What are the prime factors of c?
2, 3, 67
Suppose 0 = -4*k - 3*y + 1936 + 4180, 3*y + 12 = 0. What are the prime factors of k?
2, 383
Suppose 30*f = -15435 + 47475. List the prime factors of f.
2, 3, 89
Let k = 1457 + 1551. List the prime factors of k.
2, 47
Let l(j) = j**2 + 24*j - 10. Let x be l(-12). Let h = -12 - x. What are the prime factors of h?
2, 71
Let l(w) = 2*w**2 - 2*w + 1. Let s be l(-2). Suppose 8*m - s*m + 740 = 0. List the prime factors of m.
2, 37
Let n(y) = -y**2 + 6*y + 10. Let r be n(5). Suppose -3*z - 2328 = -r*z. What are the prime factors of z?
2, 97
Let d(r) = r**2 + 4*r - 2. Suppose 17*s = 21*s - 24. Let u(m) = 2*m**2 - 15*m + 9. Let j be u(s). List the prime factors of d(j).
43
Let r(b) = -20*b**2 + 6*b. Let q(s) = 41*s**2 - 13*s + 1. Let o(j) = -4*q(j) - 9*r(j). What are the prime factors of o(2)?
2, 7
Let f = 13696 + -8005. List the prime factors of f.
3, 7, 271
Suppose 0*s + 2*s = 0. Suppose a + 6 + 0 = s. What are the prime factors of 11 - a - 1*3?
2, 7
Let r(x) = x**3 - 26*x**2 + 59*x - 51. List the prime factors of r(25).
17, 47
Suppose 69*i + 35478 = 123*i. List the prime factors of i.
3, 73
Suppose -82 + 84 = r. Suppose -j - 69 = -y, -r*j + 154 + 38 = 3*y. List the prime factors of y.
2, 3, 11
Suppose 3332 = -40*y + 47*y. What are the prime factors of y?
2, 7, 17
Let f(k) = 24*k - 126. List the prime factors of f(9).
2, 3, 5
Let w be (-2)/12 - 122/(-12). Let a = 12 - w. Suppose 84 = 5*u + 3*q, 0 = 2*u + a*u + 5*q - 62. What are the prime factors of u?
2, 3
Suppose -10*l - 385 = -1095. List the prime factors of l.
71
Suppose 